e 0 = -5*b + 4*z + 24, 5*b - 3*z - 11 = 3*b. Suppose 26 + b = 3*s - 3*o, -2*s - 2*o = 0. What are the prime factors of s?
5
Let k = 3 + -6. List the prime factors of (-35)/k + 2/(-3).
11
Suppose 0 = 2*p + 78 - 22. Let m be (13/(52/(-160)))/1. Let a = p - m. What are the prime factors of a?
2, 3
Let p(y) = -y**2 - 21*y - 33. List the prime factors of p(-16).
47
What are the prime factors of ((-5)/(-20))/((-1)/(-124))?
31
What are the prime factors of 0 - 183/(-6)*2?
61
Suppose -4*p + 85 = -59. What are the prime factors of p?
2, 3
Let w(l) be the third derivative of l**5/60 + l**4/3 - l**3/2 - l**2. List the prime factors of w(-9).
2, 3
Let u be (10/(-4))/(4/(-160)). Suppose -t - 2 = 1, -u = -4*w + 4*t. List the prime factors of w.
2, 11
Let y = -208 - -403. What are the prime factors of y?
3, 5, 13
List the prime factors of 787/4 - 4/(-16).
197
Let b = 9 - 29. List the prime factors of b/50 + 137/5.
3
Let h = -25 + 49. Suppose -2*f - 10 + h = 0. List the prime factors of f.
7
Let g = -2 - -6. Suppose -5*h + 13 = 4*k - 0*k, g*h = 2*k. Suppose 0 = -d - k*d + 12. What are the prime factors of d?
2
List the prime factors of -1 + 2 - (-4 + 4 + -15).
2
Suppose 5*x - 192 = x. Let s = x + -27. List the prime factors of s.
3, 7
Suppose -15*j + 16*j - 202 = 0. What are the prime factors of j?
2, 101
Let h(q) = q**2 + 7*q + 4. Let f be h(-5). What are the prime factors of f/(-4)*(-130)/(-15)?
13
Let k be (9/3 + 1)/2. Suppose q - 5*p = 37, 2*q + k*p - 11 = 15. List the prime factors of q.
17
Suppose -42 = -2*f - g - 0*g, -f = 5*g - 12. List the prime factors of f.
2, 11
What are the prime factors of -1 - (2 + 0) - -25?
2, 11
Let u(q) be the first derivative of -1/3*q**3 + 1 - 3*q**2 + 6*q. List the prime factors of u(-6).
2, 3
Let l(q) = 6*q + 16. Let w(k) = -7*k - 17. Let b(u) = 6*l(u) + 5*w(u). Let x be b(-9). Suppose j - 15 = -5*v - 4*j, 2*j + 26 = x*v. List the prime factors of v.
2
Suppose 3*o = 5*o - 2. Let f(w) = -1. Let p(d) = 5*d**2 - d - 4. Let q(t) = o*p(t) - 4*f(t). List the prime factors of q(-1).
2, 3
Let a = -5 - -3. Let w be 1/(9/(-6))*-3. List the prime factors of (w - 3)/(a/8).
2
Let p = 919 - 606. What are the prime factors of p?
313
Suppose 8 = h - 2*h. Let o = 2 - h. What are the prime factors of o?
2, 5
Suppose 0 = -2*x - 3 + 7. Let a(g) = g - 5 - x*g + 3*g. What are the prime factors of a(4)?
3
Let i(b) be the second derivative of -b**5/20 + b**4/3 + b**3/3 - b**2 - b. Let w = 0 + 4. What are the prime factors of i(w)?
2, 3
Suppose -3*j = -r + 14, -3*j = -8*j - 15. Suppose 0*z - r*z = 5. What are the prime factors of ((-8)/(-5))/(z/(-5))?
2
Suppose -2*w - 2*s = -160, 4*w - 3*s = 332 - 19. What are the prime factors of w?
79
Suppose -5*i + 13 = -7. Suppose 3*s + f - 126 = 0, -i*s - 2*f + 4*f = -158. List the prime factors of s.
41
Suppose -t = -o + 51, 5*o = -2*t - 0*t + 248. Let c be ((-2)/(-5))/(2/o). Let j = 14 - c. What are the prime factors of j?
2
Suppose 3*h - 12 = -3*i + 120, -83 = -2*i + 3*h. What are the prime factors of i?
43
Let x(p) be the first derivative of -p**3/6 - p**2 - 2*p - 1. Let j(l) be the first derivative of x(l). List the prime factors of j(-7).
5
Let a(f) = -12*f**3 - 2*f**2 - 2. Let q be a(-2). Suppose 2*y - 4*y = 3*k - q, 4*k = 4*y - 172. What are the prime factors of y?
43
List the prime factors of (98/4 - 0)*(10 + -8).
7
Let f(q) = 6*q**2 + 2*q + 2. What are the prime factors of f(-3)?
2, 5
Let q(v) = -v**3 - 6*v**2 - v - 3. Let i be q(-6). Suppose -34 + 1 = -b. List the prime factors of -1 + 1 + b/i.
11
Suppose -11*b + 2196 = 755. List the prime factors of b.
131
Let c(q) = q**2. Let p be c(-1). Let m be 1/(((-2)/4)/p). List the prime factors of m + -2*(1 + -4).
2
Let c(b) = b + 1. Let v be c(0). List the prime factors of 17 + (-1)/(0 + v).
2
Let n(h) = -h + 5*h - h**3 - 5 + h**2 + 2*h**2 + 4. Let g be -5*(-2 - (-14)/10). List the prime factors of n(g).
11
Let r be (24/(-30))/(2/(-15)). Let g = 8 + r. List the prime factors of g.
2, 7
Suppose 0 = 4*n - 1 + 25. Let v(r) = -r**2 - 7*r + 3. What are the prime factors of v(n)?
3
Let a = 9 + -6. Let j = 8 - a. Suppose -k - j*v = 11, 4*k = -k + 3*v + 57. What are the prime factors of k?
3
Let g(x) = -9*x - 23. What are the prime factors of g(-14)?
103
Let p = 8 - 5. Suppose -2*n = -4*o + p*n - 8, 0 = 4*n - 16. What are the prime factors of o?
3
Let h(s) = 16*s - 1. Suppose -2*q = -2*k + 2*q + 12, 3*q + 3 = 0. Let i be h(k). List the prime factors of ((-2)/3)/((-6)/i).
7
Suppose -4*a = -a - 4*u - 5, 2*u = 4*a + 10. Let f(n) = -n - 5. Let z be f(a). Suppose 0 = 3*g + c - 38, z*g - 1 = -g + 2*c. List the prime factors of g.
11
Let v(c) = 1 + 4 - 3*c + 5*c**2 - c + c**2. List the prime factors of v(3).
47
Let b(q) = q**2 + 5*q - 9. Let x = -23 + 16. Let m be b(x). Suppose 3*o + 49 = 4*t + 6*o, -62 = -m*t - 4*o. List the prime factors of t.
2, 5
Suppose 0 = -2*n + 3*t + 19, -2*n = -0*n + 4*t + 2. Let u be 10/4 + (-2)/4. Suppose -u*y + n = -y. What are the prime factors of y?
5
Let s be (-2)/4*-10*-1. Let f be (6/s)/(4/(-10)). Suppose -f*n + 7*n = 48. What are the prime factors of n?
2, 3
Suppose 2*h - 307 = 5*k, -5*k = 5*h - 181 - 569. What are the prime factors of h?
151
Suppose -5*c = -0*c - 4*z + 232, 4*z = -5*c - 208. Let s = -23 - c. What are the prime factors of s?
3, 7
Let r = -97 - -243. List the prime factors of r.
2, 73
Let t(o) = 4*o**3 - 2*o**2 - 3*o. What are the prime factors of t(3)?
3
Let f = 194 - 125. What are the prime factors of f?
3, 23
Let l(s) be the second derivative of s**4/12 + 5*s**3/6 + 5*s**2/2 + 9*s. Suppose -3*n - 15 = -0*n. List the prime factors of l(n).
5
Suppose -4*l = -2*t - 6, -3*t - 3*l + 18 = -0*t. Suppose 3*s + 18 = t*o, 3*o - 2*o + 5*s + 12 = 0. What are the prime factors of o?
3
Suppose 2*h = -2*h - 3*x + 40, h - 10 = -2*x. Let j = 14 - h. What are the prime factors of j?
2
Suppose 5*b + 8 + 12 = 0, 4*y - 2*b + 64 = 0. List the prime factors of (1 + 2 - 4)*y.
2, 3
Suppose -357 = -4*v + 5*z, -36 = -5*v - 4*z + 441. Let a = v + -63. Suppose -3*w + a = 9. List the prime factors of w.
7
Let c = -2 + 0. Let a be c/(-3) + (-2)/(-6). Let t = a + 8. List the prime factors of t.
3
Let n be (-2)/(2/7) - -2. Let l be (n + 0)*2/(-2). Suppose 0 = -i + w + 7, -5*w - l = 5*i - 0*w. List the prime factors of i.
3
Let q be 4/22 + (-504)/(-11). Suppose -10 + q = 4*j. What are the prime factors of j?
3
Let i = 13 - 8. Suppose 0 = -2*u + i*u. Suppose 2*o + v = -u*v + 16, 16 = 4*v. What are the prime factors of o?
2, 3
Let n be 8/(6/(-9)*-3). Suppose q = 5*c + 55, q = 5*q + n*c - 148. Suppose q = 4*a - 0*o - 2*o, 5*a = 2*o + 49. What are the prime factors of a?
3
What are the prime factors of 1*(-67)/1*-1?
67
Suppose -5*v + 1 = -14. Suppose v*c - 20 = -c. Suppose -t + c = -13. What are the prime factors of t?
2, 3
Let q(y) = 2*y**2 + 26*y - 2. What are the prime factors of q(-19)?
2, 113
Suppose -5*z + 10*z = 25. Suppose -3 = z*u - 118. What are the prime factors of u?
23
Suppose -2*c - 1 = -3*w, c = -3*c + 2*w + 10. Let g(z) = 3*z + 5. Let p be g(10). Suppose c*n - p = 13. List the prime factors of n.
2, 3
Let d be 4/(7 + 1)*-12. What are the prime factors of 27 - (d/(-1))/(-2)?
2, 3, 5
Let x(f) = 5*f - 2*f**3 + 3 - f + f**3 + 0*f**3. List the prime factors of x(-2).
3
Suppose -9*m + 4*m = -5. Let n be -3*m*4/3. List the prime factors of (-1)/(((-8)/(-26))/n).
13
Suppose 10 = 5*z - 4*p + 2, -19 = -z - 5*p. Suppose 0 = 5*f - f + z, -f = -2*m + 17. What are the prime factors of m?
2
Suppose 5*m - m + 4*l = 168, -2*m - 4*l = -86. Suppose m = 5*z - 14. List the prime factors of z.
11
Suppose -211 = -4*q + 29. Suppose -3*g + g = -q. List the prime factors of g.
2, 3, 5
Suppose -2 = n - 4. Let t = 0 + n. Suppose -x = t*x - 24. What are the prime factors of x?
2
Let a(w) = w**2 + 2*w - 6. Let l be a(-5). Suppose -2*f + 3*f - 3 = 0. Suppose 27 + l = f*o. What are the prime factors of o?
2, 3
Let t = -5 - -16. Let w be ((-24)/(-2) - 2)/2. Let f = t - w. List the prime factors of f.
2, 3
Let k be (-16)/(1 - 5)*1. Let p(h) = -h**2 - h - 1. Let q be p(-1). Let y = q + k. What are the prime factors of y?
3
List the prime factors of 1790/14 - 12/(-84).
2
Suppose -7*j + 3 = -4*b - 2*j, 4*j - 12 = 0. Suppose 0 = -5*h + 2*h + p + 60, 5*p = b*h - 72. Wha